e 9, what is -3 - -48471657?
48471654
In base 13, what is 1 + -2bc0a0?
-2bc09c
In base 4, what is -113 + -130012001310?
-130012002023
In base 5, what is -2 - -131234221?
131234214
In base 12, what is -302 - 138537?
-138839
In base 2, what is -10001101001110 + 11011101001101?
1001111111111
In base 5, what is -3024233 - -230043?
-2244140
In base 4, what is -10302002001131 + 2?
-10302002001123
In base 11, what is 3251 - 918?
2434
In base 4, what is 2 - -30323113120?
30323113122
In base 15, what is 3 + c368789?
c36878c
In base 7, what is -245631500 - -4?
-245631463
In base 9, what is -28570781 + 2?
-28570778
In base 3, what is -212202110 + 22212?
-212102121
In base 7, what is -664123446 + -4?
-664123453
In base 11, what is -55a - -3006?
2557
In base 8, what is -11 - -24757253?
24757242
In base 12, what is 39b46782 + 2?
39b46784
In base 12, what is 80a - 77a?
50
In base 14, what is -d5a47b - -2?
-d5a479
In base 10, what is 3 - 772881?
-772878
In base 7, what is 513036 + -13505?
466231
In base 14, what is 286a - -134?
29a0
In base 3, what is -1002 - 10000002021110010?
-10000002021111012
In base 8, what is -62 - -3356?
3274
In base 14, what is 2a13 + -223?
27d0
In base 14, what is 1773322 + -3?
177331d
In base 2, what is -1001 + 10110000101110111100110?
10110000101110111011101
In base 9, what is -8 + 64241612?
64241603
In base 6, what is 3531233202 + 1?
3531233203
In base 14, what is 1b - d7b46d?
-d7b452
In base 11, what is -23 + 443264?
443241
In base 8, what is 325 - -7077043?
7077370
In base 8, what is 62 + -1057627?
-1057545
In base 7, what is 20 - -12562415?
12562435
In base 13, what is 2 - -1538340?
1538342
In base 4, what is 303112210322 + 11?
303112210333
In base 16, what is d1c + 22f?
f4b
In base 12, what is 7b2a59 + 1?
7b2a5a
In base 6, what is -23 + -330503410?
-330503433
In base 11, what is 375a1 + -47?
37555
In base 2, what is -11101 + 101001000100000100101110?
101001000100000100010001
In base 3, what is -11 + 201200011121122?
201200011121111
In base 14, what is bdb0a - 5?
bdb05
In base 11, what is -1a0 + -79484?
-79674
In base 7, what is -11232 - -11364?
132
In base 2, what is 1110001 + -10011011110000100?
-10011011100010011
In base 15, what is 22288b + 12?
22289d
In base 11, what is 0 - -10219936?
10219936
In base 2, what is 10001 + 11010111100100100101?
11010111100100110110
In base 6, what is 4 - -2531042345?
2531042353
In base 7, what is -34240115 - -43?
-34240042
In base 6, what is 11434 + 1531125?
1543003
In base 10, what is -12 - 1454456?
-1454468
In base 2, what is 1100011001 + -11101010?
1000101111
In base 9, what is -27 + -4383060?
-4383087
In base 11, what is -2141981 - 0?
-2141981
In base 12, what is 27753a44 + 3?
27753a47
In base 7, what is 24 - -46250?
46304
In base 8, what is -540 - 4052456?
-4053216
In base 12, what is 32 - -50a7229?
50a725b
In base 8, what is -141136025 - -1?
-141136024
In base 6, what is -411345 - 12420?
-424205
In base 16, what is ea6 + -3ffe?
-3158
In base 9, what is -626117 + -134?
-626252
In base 16, what is 6 + -f7054c?
-f70546
In base 7, what is 114 + 34103254?
34103401
In base 9, what is 187130 + -10364?
176655
In base 14, what is 5 + 124cc535?
124cc53a
In base 4, what is 113302113 + -1103230?
112132223
In base 7, what is 404430141 - 5?
404430133
In base 15, what is -ad2a5 + -28?
-ad2cd
In base 8, what is 271 - -642325?
642616
In base 3, what is -122102202000 + -102?
-122102202102
In base 10, what is -55701242 - 5?
-55701247
In base 8, what is -141054 - -21?
-141033
In base 16, what is -2a + 1bff34?
1bff0a
In base 8, what is -3415072 - 353?
-3415445
In base 15, what is 4 + 9a6e489?
9a6e48d
In base 6, what is 5 - 1414154?
-1414145
In base 7, what is -116313225 + -34?
-116313262
In base 10, what is -388 + 131732?
131344
In base 14, what is -4119 + 50?
-40a9
In base 5, what is -2121134 - -1313?
-2114321
In base 16, what is 5a - -37cd8?
37d32
In base 7, what is -1501 - -52323?
50522
In base 9, what is -617 + -45?
-663
In base 3, what is -2 - 11000122110221?
-11000122111000
In base 8, what is -2063501 - 17?
-2063520
In base 3, what is -20000120210111201 - -2?
-20000120210111122
In base 6, what is 403405 - -21?
403430
In base 8, what is 4550465 + 16?
4550503
In base 3, what is -11 - -111011200100200200?
111011200100200112
In base 4, what is 11 + 12102212303333?
12102212310010
In base 16, what is -8 - -80de36?
80de2e
In base 2, what is 11011000110 - -11100101000110?
100000000001100
In base 9, what is 14020 - -76038?
101058
In base 14, what is 3b - -6b5150?
6b518b
In base 6, what is -12 + -2332033331?
-2332033343
In base 15, what is 1333 + -27ec?
-14b9
In base 10, what is 2004 - 2352?
-348
In base 2, what is 1011000001 + 1111110011110101?
1111111110110110
In base 15, what is -18460b92 + 1?
-18460b91
In base 11, what is -29058 + 4a4?
-28664
In base 15, what is 1633c + 423?
16760
In base 10, what is 155275 + 4?
155279
In base 4, what is 100 - -303300110?
303300210
In base 14, what is -3b23 + 3ab?
-3756
In base 16, what is 5a4 + -421e2?
-41c3e
In base 15, what is 268c2a9 - -3?
268c2ac
In base 2, what is -111110010100000 + -11101001?
-111110110001001
In base 13, what is -4 - -662b50a?
662b506
In base 14, what is 4ddd6 + -971?
4d465
In base 6, what is 105352222 + -11?
105352211
In base 3, what is 2201021120 + 11011211?
2212110101
In base 15, what is 2d70ba + -b?
2d70ae
In base 5, what is 11 + 122141243?
122141304
In base 2, what is -1101001010010100 - 111010?
-1101001011001110
In base 13, what is 7680 - -2234?
98b4
In base 10, what is 7884855 + -4?
7884851
In base 15, what is -4 - 45981eb?
-4598200
In base 12, what is -18b - 2a2?
-471
In base 15, what is -194 + -117d1?
-11975
In base 13, what is -482b92 - 22?
-482bb4
In base 12, what is 210174 + b3?
210267
In base 10, what is -2061962 + 59?
-2061903
In base 8, what is -21732163 - -1?
-21732162
In base 11, what is -97003 + -3029?
-9a031
In base 16, what is 268e707 - -3?
268e70a
In base 11, what is -10234168 - -5?
-10234163
In base 4, what is 2300 - -12331220?
13000120
In base 10, what is -142 + -26680?
-26822
In base 4, what is -123111112 + -1031?
-123112203
In base 12, what is 5537 - -153?
568a
In base 15, what is 21b - -28ad5?
28d01
In base 7, what is 30 - 650141?
-650111
In base 9, what is 321720 + 75?
321805
In base 14, what is -d75 - 1038?
-1dad
In base 2, what is -10010011101010110100 + -101011100?
-10010011110000010000
In base 16, what is 321e + -1f2?
302c
In base 10, what is -55371 - 1266?
-56637
In base 5, what is 2102 - -1103041?
1110143
In base 12, what is -5704 - -47b4?
-b10
In base 4, what is -1 + -3331033013033?
-3331033013100
In base 14, what is -5 + 6b65860?
6b65859
In base 16, what is 5 + 11c4090?
11c4095
In base 10, what is -3867284 - 3?
-3867287
In base 14, what is 4 + -4d6921?
-4d691b
In base 9, what is 0 + 21055316?
21055316
In base 6, what is 203 + -40555330?
-40555123
In base 11, what is -199469 + -4aa?
-199968
In base 7, what is 31061256 - 0?
31061256
In base 2, what is -111100101011010 - 10001101?
-111100111100111
In base 10, what is -45621 - 20?
-45641
In base 6, what is 5540341035 - 0?
5540341035
In base 13, what is -2 + -3618c60?
-3618c62
In base 5, what is 344231104434 - 3?
344231104431
In base 11, what is -a2081 + 60?
-a2021
In base 5, what is -310001143 - 11?
-310001204
In base 9, what is -4 - 281068281?
-281068285
In base 12, what is 9ab4 + -859b?
1515
In base 16, what is b16 - 8a45?
-7f2f
In base 10, what is 959 + 4181?
5140
In base 5, what is -12302433202 + 10?
-12302433142
In base 5, what is 31 - 121342134?
-121342103
In base 11, what is -15671800 - -5?
-156717a6
In base 7, what is -4 + -1421021?
-1421025
In base 3, what is -1010201100102 - -210?
-1010201022122
In base 5, what is 3 - 112141032?
-112141024
In base 14, what is 4a3c + -17a?
48a2
In base 3, what is -1121012221200 - -20211?
-1121012200212
In base 15, what is -14b1d8a + -1e?
-14b1da9
In base 3, what is -20211002 - -2201100?
-11002202
In base 13, what is -164 + 133652?
1334bb
In base 4, what is 2 - -10303212332221?
10303212332223
In base 7, what is -253111 - 422?
-253533
In base 2, what is 1100110111 - -100000110101?
101101101100
In base 16, what is -48 - 28888e?
-2888d6
In base 12, what is 1 + 69b5a?
69b5b
In base 9, what is 465611 - -317?
466028
In base 16, w